hen 657 is divided by 89?
34
What is the remainder when 415 is divided by 207?
1
What is the remainder when 47717 is divided by 20?
17
What is the remainder when 1474 is divided by 123?
121
What is the remainder when 367 is divided by 41?
39
Calculate the remainder when 319 is divided by 162.
157
Calculate the remainder when 2354 is divided by 125.
104
What is the remainder when 285 is divided by 26?
25
Calculate the remainder when 176 is divided by 87.
2
What is the remainder when 34 is divided by 17?
0
Calculate the remainder when 2458 is divided by 94.
14
Calculate the remainder when 101 is divided by 51.
50
What is the remainder when 1330 is divided by 161?
42
What is the remainder when 152 is divided by 96?
56
Calculate the remainder when 77 is divided by 21.
14
Calculate the remainder when 64 is divided by 33.
31
Calculate the remainder when 2249 is divided by 133.
121
Calculate the remainder when 3435 is divided by 18.
15
Calculate the remainder when 577 is divided by 5.
2
What is the remainder when 1553 is divided by 41?
36
Calculate the remainder when 403 is divided by 79.
8
What is the remainder when 121 is divided by 2?
1
What is the remainder when 12190 is divided by 89?
86
What is the remainder when 825 is divided by 9?
6
Calculate the remainder when 13613 is divided by 4537.
2
Calculate the remainder when 2098 is divided by 60.
58
What is the remainder when 112 is divided by 27?
4
Calculate the remainder when 4620 is divided by 13.
5
Calculate the remainder when 3293 is divided by 331.
314
Calculate the remainder when 171 is divided by 56.
3
Calculate the remainder when 643 is divided by 7.
6
Calculate the remainder when 603 is divided by 35.
8
Calculate the remainder when 125 is divided by 29.
9
What is the remainder when 226 is divided by 12?
10
What is the remainder when 9760 is divided by 227?
226
What is the remainder when 85 is divided by 24?
13
What is the remainder when 222 is divided by 109?
4
What is the remainder when 725 is divided by 319?
87
Calculate the remainder when 343 is divided by 30.
13
Calculate the remainder when 11669 is divided by 30.
29
What is the remainder when 6239 is divided by 60?
59
Calculate the remainder when 131 is divided by 48.
35
What is the remainder when 143 is divided by 62?
19
What is the remainder when 226 is divided by 76?
74
What is the remainder when 510 is divided by 186?
138
What is the remainder when 347 is divided by 27?
23
Calculate the remainder when 867 is divided by 432.
3
What is the remainder when 419 is divided by 32?
3
What is the remainder when 130 is divided by 19?
16
What is the remainder when 41 is divided by 22?
19
Calculate the remainder when 238 is divided by 51.
34
Calculate the remainder when 64 is divided by 57.
7
Calculate the remainder when 1137 is divided by 104.
97
Calculate the remainder when 1699 is divided by 68.
67
Calculate the remainder when 120 is divided by 92.
28
Calculate the remainder when 121 is divided by 33.
22
What is the remainder when 311 is divided by 105?
101
What is the remainder when 88 is divided by 6?
4
What is the remainder when 1647 is divided by 55?
52
What is the remainder when 2222 is divided by 131?
126
Calculate the remainder when 1530 is divided by 26.
22
What is the remainder when 214 is divided by 35?
4
What is the remainder when 901 is divided by 152?
141
What is the remainder when 212 is divided by 36?
32
What is the remainder when 414 is divided by 22?
18
Calculate the remainder when 134 is divided by 35.
29
What is the remainder when 398 is divided by 149?
100
Calculate the remainder when 1087 is divided by 4.
3
What is the remainder when 665 is divided by 181?
122
What is the remainder when 205 is divided by 27?
16
Calculate the remainder when 557 is divided by 40.
37
Calculate the remainder when 1369 is divided by 46.
35
What is the remainder when 125 is divided by 110?
15
Calculate the remainder when 692 is divided by 677.
15
What is the remainder when 94 is divided by 33?
28
What is the remainder when 135 is divided by 104?
31
Calculate the remainder when 467 is divided by 18.
17
Calculate the remainder when 75 is divided by 10.
5
What is the remainder when 15567 is divided by 3113?
2
Calculate the remainder when 422 is divided by 39.
32
Calculate the remainder when 1614 is divided by 126.
102
Calculate the remainder when 164 is divided by 89.
75
What is the remainder when 78 is divided by 27?
24
Calculate the remainder when 645 is divided by 74.
53
What is the remainder when 427 is divided by 9?
4
Calculate the remainder when 62 is divided by 5.
2
Calculate the remainder when 27387 is divided by 41.
40
Calculate the remainder when 741 is divided by 71.
31
Calculate the remainder when 348 is divided by 14.
12
Calculate the remainder when 38606 is divided by 127.
125
What is the remainder when 1631 is divided by 34?
33
Calculate the remainder when 3805 is divided by 211.
7
What is the remainder when 107 is divided by 18?
17
What is the remainder when 62 is divided by 18?
8
What is the remainder when 108 is divided by 5?
3
Calculate the remainder when 754 is divided by 152.
146
What is the remainder when 1550 is divided by 70?
10
Calculate the remainder when 366 is divided by 8.
6
Calculate the remainder when 859 is divided by 16.
11
Calculate the remainder when 120 is divided by 31.
27
Calculate the remainder when 313 is divided by 82.
67
What is the remainder when 25017 is divided by 6254?
1
What is the remainder when 334 is divided by 31?
24
Calculate the remainder when 1132 is divided by 142.
138
What is the remainder when 638 is divided by 165?
143
What is the remainder when 285 is divided by 58?
53
What is the remainder when 2157 is divided by 216?
213
Calculate the remainder when 136 is divided by 124.
12
Calculate the remainder when 8602 is divided by 715.
22
What is the remainder when 75 is divided by 10?
5
Calculate the remainder when 1078 is divided by 248.
86
Calculate the remainder when 139 is divided by 43.
10
Calculate the remainder when 1558 is divided by 60.
58
Calculate the remainder when 1433 is divided by 24.
17
Calculate the remainder when 172 is divided by 62.
48
Calculate the remainder when 391 is divided by 80.
71
Calculate the remainder when 52 is divided by 19.
14
What is the remainder when 4809 is divided by 37?
36
Calculate the remainder when 429 is divided by 86.
85
What is the remainder when 3728 is divided by 1236?
20
What is the remainder when 1718 is divided by 854?
10
What is the remainder when 355 is divided by 5?
0
Calculate the remainder when 108 is divided by 45.
18
Calculate the remainder when 215 is divided by 36.
35
Calculate the remainder when 853 is divided by 19.
17
Calculate the remainder when 529 is divided by 14.
11
Calculate the remainder when 13997 is divided by 250.
247
Calculate the remainder when 795 is divided by 2.
1
Calculate the remainder when 518 is divided by 58.
54
Calculate the remainder when 740 is divided by 39.
38
Calculate the remainder when 2345 is divided by 84.
77
What is the remainder when 2845 is divided by 39?
37
What is the remainder when 2897 is divided by 962?
11
What is the remainder when 94 is divided by 26?
16
Calculate the remainder when 446 is divided by 10.
6
Calculate the remainder when 1143 is divided by 50.
43
Calculate the remainder when 323 is divided by 23.
1
What is the remainder when 200 is divided by 22?
2
Calculate the remainder when 200 is divided by 97.
6
What is the remainder when 692 is divided by 58?
54
Calculate the remainder when 564 is divided by 19.
13
Calculate the remainder when 18845 is divided by 16.
13
Calculate the remainder when 92 is divided by 29.
5
Calculate the remainder when 751 is divided by 11.
3
Calculate the remainder when 1379 is divided by 20.
19
What is the remainder when 370 is divided by 126?
118
What is the remainder when 183 is divided by 29?
9
Calculate the remainder when 2013 is divided by 31.
29
Calculate the remainder when 1820 is divided by 22.
16
Calculate the remainder when 328 is divided by 62.
18
Calculate the remainder when 594 is divided by 64.
18
Calculate the remainder when 105 is divided by 79.
26
What is the remainder when 181 is divided by 97?
84
Calculate the remainder when 507 is